{"id":113,"date":"2023-09-24T16:43:15","date_gmt":"2023-09-24T15:43:15","guid":{"rendered":"https:\/\/apolloniabeck.com\/?page_id=113"},"modified":"2023-09-29T07:20:12","modified_gmt":"2023-09-29T06:20:12","slug":"tief-ist-der-see","status":"publish","type":"page","link":"https:\/\/apolloniabeck.com\/?page_id=113","title":{"rendered":"Tief ist der See"},"content":{"rendered":"<p><span style=\"font-size: 14pt;\"><strong>Psychologischer Spannungsroman<\/strong><\/span><\/p>\r\n<!-- \/wp:post-content -->\r\n\r\n<!-- wp:paragraph -->\r\n<p>&nbsp;<\/p>\r\n<!-- \/wp:paragraph -->\r\n\r\n<!-- wp:paragraph -->\r\n<p><strong>Hattie betreibt einen Hundesalon in Inverness. Dort hat sie sich ein unauff\u00e4lliges Leben als Ehefrau und Mutter von zwei Kindern aufgebaut. Aber Hattie hei\u00dft gar nicht Hattie, und als sie nach neunzehn Jahren unfreiwillig zur\u00fcck nach London reisen muss, br\u00f6ckelt die Fassade. Die bleiernen Schatten ihrer Vergangenheit und eine alte, schicksalhafte Liebe bringen sie in t\u00f6dliche Bedr\u00e4ngnis.<\/strong><\/p>\r\n<!-- \/wp:paragraph -->\r\n\r\n<!-- wp:paragraph -->\r\n<p><strong>&#8222;Tief ist der See&#8220; nimmt die Leser*innen mit auf eine spannende Achterbahnfahrt voller Gef\u00fchl und Nervenkitzel. Ein psychologischer Spannungsroman par excellence um Liebe und Verrat und die Suche nach Erl\u00f6sung.<\/strong><\/p>\r\n<!-- \/wp:paragraph -->\r\n\r\n<!-- wp:paragraph -->\r\n<p><strong>Der Roman ist erh\u00e4ltlich auf Amazon als Taschenbuch und E-Book.<\/strong><\/p>\r\n<p><strong>Leseprobe gef\u00e4llig? Hier downloaden: <a href=\"https:\/\/apolloniabeck.com\/wp-content\/uploads\/2023\/09\/Leseprobe-Roman-TIEF-IST-DER-SEE-von-Apollonia-Beck.pdf\">Leseprobe Roman TIEF IST DER SEE von Apollonia Beck<\/a><\/strong><\/p>\r\n<!-- \/wp:paragraph -->\r\n\r\n<!-- wp:columns -->\r\n<div class=\"wp-block-columns\"><!-- wp:column -->\r\n<div class=\"wp-block-column\"><!-- wp:image {\"id\":127,\"sizeSlug\":\"large\",\"linkDestination\":\"none\"} -->\r\n<figure class=\"wp-block-image size-large\"><img loading=\"lazy\" decoding=\"async\" width=\"662\" height=\"1024\" class=\"wp-image-127\" src=\"https:\/\/apolloniabeck.com\/wp-content\/uploads\/2023\/09\/H2500-B1500-E-Book-Cover-e1695571829121-662x1024.png\" alt=\"Buchcover\" \/><\/figure>\r\n<!-- \/wp:image --><\/div>\r\n<!-- \/wp:column -->\r\n\r\n<!-- wp:column -->\r\n<div class=\"wp-block-column\">\u00a0<\/div>\r\n<!-- \/wp:column --><\/div>\r\n<!-- \/wp:columns -->","protected":false},"excerpt":{"rendered":"<p>Psychologischer Spannungsroman &nbsp; Hattie betreibt einen Hundesalon in Inverness. Dort hat sie sich ein unauff\u00e4lliges Leben als Ehefrau und Mutter von zwei Kindern aufgebaut. Aber Hattie hei\u00dft gar nicht Hattie, [&hellip;]<\/p>\n","protected":false},"author":1,"featured_media":0,"parent":0,"menu_order":0,"comment_status":"closed","ping_status":"closed","template":"","meta":{"footnotes":""},"class_list":["post-113","page","type-page","status-publish","hentry","post-preview"],"aioseo_notices":[],"_links":{"self":[{"href":"https:\/\/apolloniabeck.com\/index.php?rest_route=\/wp\/v2\/pages\/113","targetHints":{"allow":["GET"]}}],"collection":[{"href":"https:\/\/apolloniabeck.com\/index.php?rest_route=\/wp\/v2\/pages"}],"about":[{"href":"https:\/\/apolloniabeck.com\/index.php?rest_route=\/wp\/v2\/types\/page"}],"author":[{"embeddable":true,"href":"https:\/\/apolloniabeck.com\/index.php?rest_route=\/wp\/v2\/users\/1"}],"replies":[{"embeddable":true,"href":"https:\/\/apolloniabeck.com\/index.php?rest_route=%2Fwp%2Fv2%2Fcomments&post=113"}],"version-history":[{"count":15,"href":"https:\/\/apolloniabeck.com\/index.php?rest_route=\/wp\/v2\/pages\/113\/revisions"}],"predecessor-version":[{"id":199,"href":"https:\/\/apolloniabeck.com\/index.php?rest_route=\/wp\/v2\/pages\/113\/revisions\/199"}],"wp:attachment":[{"href":"https:\/\/apolloniabeck.com\/index.php?rest_route=%2Fwp%2Fv2%2Fmedia&parent=113"}],"curies":[{"name":"wp","href":"https:\/\/api.w.org\/{rel}","templated":true}]}}